isor of 744 and u?
24
Let m(k) = k**3 - 10*k**2 - 13*k + 22. Let z be m(11). Suppose z = -9*b + 5*b + 72. Let a = 54 - 42. What is the highest common divisor of b and a?
6
Let p be (-9534)/(-21) + 78/(-6). What is the greatest common factor of 36 and p?
9
Let h(p) = p + 7. Let d be h(-5). Suppose 8*l - 279 = 169. Let u be -14*(l/(-8))/7. What is the greatest common factor of u and d?
2
Suppose -126 + 486 = 8*a. Suppose -6*o + o = -a. Calculate the greatest common factor of o and 729.
9
Suppose -44*b + 1089 = 55*b. What is the highest common factor of 108 and b?
1
Let h(w) = -w**2 + 7*w - 18. Let l be h(-14). Let j = -444 - l. Let q be j/(-6)*3/3. Calculate the greatest common divisor of q and 2.
2
Suppose -3*r + 22 = -2*c - 1, -3*r = 2*c - 7. Calculate the highest common divisor of r and 2215.
5
Suppose -w + 454 = 5*s, 48 + 136 = 2*s - 2*w. Let l be 1112/5 - 0 - 15/(-25). Let q = -210 + l. Calculate the greatest common factor of s and q.
13
Let o(c) = c**3 - 28*c**2 + 24*c + 96. Let j be o(27). Let y(k) = -23*k - 68. Let v be y(-4). What is the highest common divisor of v and j?
3
Let r(w) = w**2 - 20*w + 39. Let x be r(18). Suppose -x*i = -7 - 11. Calculate the greatest common divisor of i and 9.
3
Let b(h) = 31*h**2 - 66*h + 129. Let d be b(2). Let p = -15 - 61. Let w be 4/28 + p/(-7). Calculate the highest common divisor of d and w.
11
Suppose -4*l + 3 = -1, 3*l = 4*k - 569. Let w be (3745/1070)/(14/104). What is the greatest common divisor of w and k?
13
Let a = 3402 - 3045. Calculate the greatest common factor of a and 153.
51
Let t = -430 + 466. Suppose 2*a + t*p = 39*p + 32, -5*p = 5*a - 80. Suppose 0*m + m - 40 = 0. Calculate the greatest common divisor of m and a.
8
Let s(c) = 17*c + 4*c**3 + 45 + 15*c + 14*c**2 - 3*c**3 - 36*c. Let n be s(-13). What is the greatest common factor of n and 28?
14
Suppose 0 = -5*j + 6*j - 3*a + 37, -3*j - 79 = -a. Let n be (-4)/(-5) + -1 + (-2880)/j. Calculate the highest common divisor of 23 and n.
23
Let v be 6 - (31410/120)/(3/(-104)). Calculate the greatest common factor of 40 and v.
40
Let b(q) = q + 60. Let y be 4/((-24)/(-42)) - 4 - 21. Let m be b(y). What is the greatest common divisor of m and 168?
42
Let m(g) = -1974*g + 109. Let l be m(-3). Calculate the greatest common factor of l and 74.
37
Let z be (0 - -1)*-89 + (-87 - -84). Let n = z + 153. What is the highest common factor of n and 305?
61
Suppose 0 = h + 4*d - 12, 9*h = 11*h - 5*d + 2. Suppose 16 = 4*j + h. Let t = 39 - 30. Calculate the highest common factor of t and j.
3
Suppose -4*u + 20 = u, -20 = -b - u. Suppose -11*g + 84 = -4*g. Let k be (-224)/(-3)*18/g. What is the greatest common factor of k and b?
16
Suppose 5*v + 641 = 4*w, -4*w + 4*v + 561 + 75 = 0. Suppose l + w = 158. What is the highest common factor of l and 144?
4
Let t(y) be the third derivative of y**6/6 + y**5/20 - 7*y**4/24 + y**3 - 67*y**2 - 2. Let s be t(2). Calculate the greatest common divisor of s and 4.
4
Suppose 0 = q - 474 - 374 + 295. Calculate the highest common factor of q and 7.
7
Let t = 115856 - 65378. What is the greatest common factor of t and 282?
282
Suppose 251*q + 270 = 256*q. Suppose -4*h - 5*l + 43 = 0, 4*h - q = 4*l - 2. Calculate the highest common factor of 192 and h.
12
Suppose -5*x - 125 + 1502 = t, -555 = -2*x - t. Calculate the highest common divisor of 22742 and x.
274
Let b(o) = 4*o**2 - 2*o + 2. Let p be b(2). Let i be 144/20*35/p. Let f be ((0 - -1)*6)/1. What is the greatest common factor of i and f?
6
Let f = 19046 + -19030. Calculate the greatest common divisor of f and 57.
1
Let g = 1409 + -1403. Suppose -7*i + 5*i = -12. What is the greatest common factor of g and i?
6
Suppose 7*a - 6878 = -6759. Calculate the highest common divisor of 9469 and a.
17
Suppose 603 = 20*s - 1917. Let g be s/2 - (-6 - 0). Calculate the highest common factor of 6 and g.
3
Let r(m) = -22*m - 562. Let n be r(-59). What is the greatest common divisor of 138 and n?
46
Let w be (-43420)/(-70) - 11 - 11/((-154)/(-4)). Let s = 68 - 39. What is the highest common factor of s and w?
29
Let o be (-3003)/(-121) + 9 + 2/11. Calculate the highest common factor of o and 4403.
17
Let w be (-26)/(2/35*(-1)/3). Suppose 10*s - w = -11*s. What is the highest common divisor of 52 and s?
13
Let c(n) = n**3 + 5*n**2 - 6*n - 4. Let t be c(-4). Let x = 1622 - 1577. Calculate the highest common divisor of t and x.
9
Suppose -5*f - 2*b + 7*b = -55, 4*b = f - 23. Suppose f*n + 1564 = 4609. What is the greatest common factor of n and 30?
15
Suppose 24*q = -1698 + 64290. Calculate the highest common divisor of 40 and q.
8
Suppose -3*d - d = -1092. Suppose 18*z = -27*z + 945. What is the greatest common factor of z and d?
21
Let a be (-4*43)/(-1) - -4. Let t be (-39 - 1/1)*((-152)/(-10))/(-19). What is the highest common factor of a and t?
16
Suppose -4*c + 21 = 9. Suppose -c*l - 40 = -7*l. Calculate the highest common divisor of l and 30.
10
Suppose -35*b + 368657 + 407143 = 5*b. Calculate the greatest common factor of b and 135.
45
Suppose 350*m = 214*m + 5984. Let k(v) = -32*v + 2. Let f be k(-2). What is the greatest common divisor of m and f?
22
Let q = 467046 - 467001. Let n = -23 + 48. Calculate the greatest common divisor of n and q.
5
Suppose 33*y + 1800 = 38*y + 95*y. What is the highest common divisor of 2853 and y?
9
Let t(s) = s**2 + 6*s + 6. Let c(v) = v - 2. Let q be c(3). Suppose -4*k - q = -25. Let h be t(k). What is the highest common factor of 39 and h?
39
Suppose -1412*r - 63480 = -1435*r. Calculate the highest common divisor of 60 and r.
60
Let y(u) = 21*u**2. Let b be y(-1). Suppose -18*m - 12 = -b*m. Suppose 0*i - 8 = -m*i - 2*z, -4*z = 4*i - 12. Calculate the greatest common factor of i and 5.
1
Let g(s) = 1546*s - 3084. Let u be g(2). What is the highest common divisor of 15208 and u?
8
Suppose 0 = -56*u + 111 + 169. Suppose 3*i = 2*n - 1, u*i - 1 = -4*n + 12. Calculate the highest common factor of 17 and i.
1
Let g(b) = -b**2 + 65*b + 1120. Let r be g(79). Suppose -2*m - d + 2*d = -451, 0 = -2*m + 5*d + 463. What is the highest common factor of r and m?
14
Suppose -j = j + 2, -2*j = -4*h + 10. Let x(r) = -10 + 12*r**2 + r**2 - 3*r + r + h*r**3. Let v be x(-6). What is the highest common divisor of v and 38?
38
Let w be 9834/264 - 10/8. What is the highest common factor of w and 2004?
12
Suppose 5*a - 296 = 2*f, f = -41 + 43. Calculate the greatest common divisor of a and 1410.
30
Suppose 0 = -26*i + 5*i. Suppose i = 3*h - 0*h + z - 190, 16 = 4*z. Calculate the highest common factor of 31 and h.
31
Suppose -3*d = -d - 4*c - 516, 5*d - 1305 = -5*c. Let n(q) = -q + 17. Let a be n(11). Let b be 160/a - 14/21. Calculate the highest common divisor of b and d.
26
Let y be 394 + (-5 + 12 - 5). Calculate the highest common factor of y and 2112.
132
Let g(a) = -22*a - 61. Let j be g(-3). Suppose s = -j*w + 1315, w - 5*s = -8*s + 249. Let l be 214/9 - (-4)/18. What is the highest common factor of l and w?
24
Let n be (-5)/15 + 106/(-6). Let y = n - -14. Let i be 122/10 + 38/10 + y. What is the highest common divisor of 132 and i?
12
Suppose -2*g + 5*c = -104, -5*g + 15*c = 14*c - 191. What is the highest common divisor of g and 296?
37
Let o = -1 + 6. Let z be (-4)/o - 1512/60. Let c = z + 34. What is the greatest common factor of c and 12?
4
Suppose 0 = 2*z + 3*z - 35. Let o be 3 - (-5)/((-15)/(-189)). Suppose -2*b + g + o = 0, -3*b + 5*g + 29 = -56. What is the greatest common divisor of b and z?
7
Suppose 243 = 5*y - j, -6*y + 7*y = -4*j + 57. Suppose 4*r - 2*q = 176, r + 2 = -q + y. Let w = 18 - 3. What is the greatest common divisor of w and r?
15
Suppose -1009 = -14*a + 517. Suppose j = -3*v + a, -2*j = -0 - 2. Calculate the greatest common divisor of v and 18.
18
Suppose 5*m + 152*a - 3070 = 150*a, -4*a - 636 = -m. What is the highest common factor of 224 and m?
56
Suppose 8*f + 4*h + 48 = 13*f, 4*f = -4*h + 24. Let k be 35*(f/2 - 84/(-12)). What is the highest common divisor of k and 110?
55
Let i = -7704 - -7742. What is the highest common factor of 46 and i?
2
Let p(j) = -5*j**2 - 6*j - 5. Let a(l) = -2*l**2 - 3*l - 3. Let i(b) = 7*a(b) - 3*p(b). Let m be i(-2). What is the highest common divisor of 14 and m?
2
Let n = 3464 - 3345. What is the high